 is the units digit of d/52 - -749*1?
4
Let m(u) = -u. Let d be m(-10). Suppose -d*i = -12*i + 140. Let g = i + 25. What is the tens digit of g?
9
Let y(z) = 147*z**2 - 34*z - 35. Let r be 8/4 - (-12)/((-8)/2). What is the hundreds digit of y(r)?
1
Let s(y) = y**3 - 5*y**2 - 11*y + 32. What is the units digit of s(19)?
7
Let w be 3 - (1 + (-196 - (1 - -4))). Let t = w - 101. What is the tens digit of t?
0
Let m(r) = 236*r**2 + 119*r + 69. What is the units digit of m(-10)?
9
Let h be (28/(-3))/(-2)*31104/(-81). What is the units digit of (-6)/(2 - 2 - (-24)/h)?
8
Let z be (-3 + 15/3)*(-56)/(-16). What is the hundreds digit of 4/(-14) + 4069/z?
5
Let o = -56944 + 113819. What is the ten thousands digit of o?
5
Let c(r) = -67*r**3 - 19*r**2 - 18*r + 1. What is the thousands digit of c(-3)?
1
Suppose 8487 = 9*p - 31447 - 26360. What is the tens digit of p?
6
Let m be (-36)/99*22/(-4). Suppose y = a - 0*y + 2, 0 = m*a + y + 10. What is the units digit of (-134)/((1 - a)*(-2)/5)?
7
Let j(o) = 138*o**2 - 144*o - 992. What is the thousands digit of j(-7)?
6
Let w be 3*(-2 - 14/(-6)). Suppose -3*s - 5*v = 149, -w = -2*v - 3. Let c = s + 55. What is the units digit of c?
7
Let o(j) = -j**3 + 4*j**2 + 2*j - 5. Let d be o(4). Let y be (0/(-3))/(25 - 27). Suppose y = -w + 12 + d. What is the units digit of w?
5
Suppose -7*l = 316 + 11759. Let d be (-121)/(-77) + 3/21*-4. What is the units digit of ((-6)/9)/(l/1719 + d)?
1
Let r(z) = 2*z**2 - 4*z - 11. Let f be r(8). Suppose 908 = 2*k - u + f, -5*k - 2*u = -2044. What is the hundreds digit of k?
4
Let i(d) = 484*d**3 - 5*d**2 - 6*d + 2. Let l be i(-1). Let x = -46 - l. What is the units digit of x?
5
Let t = -29 - -21. Let u(h) = 6*h**2 - 7*h - 20. What is the hundreds digit of u(t)?
4
Let l(b) = b**3 - 10*b**2 - 41*b + 583. What is the thousands digit of l(32)?
1
Suppose -4*k = 5*v - 14332 + 709, 2*k = -6. What is the hundreds digit of v?
7
Suppose -6*g - 113 + 9155 = 0. What is the thousands digit of g?
1
Suppose -3768534 = -127*q - 923734. What is the ten thousands digit of q?
2
Suppose -7*v + 25 = 4*s - 8*v, -5*v = 5*s - 25. What is the units digit of (2*s/16)/((-10)/(-1040))?
8
Let y be ((-27)/2)/(-1 + 14/8). What is the hundreds digit of ((-3033)/y)/((-5)/2 + 3)?
3
Let h(s) = -2*s**3 - 87*s**2 - 55*s - 89. What is the thousands digit of h(-44)?
4
Suppose 5*j = -4*g + 8974, 0 = 11*j - 12*j - 5*g + 1799. Suppose 63*o - 57*o - j = 0. What is the hundreds digit of o?
2
Let z = -501 - -486. What is the units digit of 3/(z/20) - -64*6?
0
Suppose 9*u - 715501 + 189613 = 0. What is the units digit of u?
2
Let y be 18/108 - (-10)/12. What is the units digit of -14 - -285 - (1/y - 2)?
2
Let o(s) = -239*s - 209. Let b(q) = -q - 3. Let g(y) = 4*b(y) - o(y). What is the units digit of g(4)?
7
Suppose -2*c = 13*r - 12*r - 27, -3*c = 3. Suppose b + s - r = 2*s, -5*b + 131 = 2*s. What is the units digit of b?
7
Let u(x) = 225*x**2 - 155*x - 467. What is the tens digit of u(-3)?
2
Suppose 3574*n = 3561*n + 330876. What is the thousands digit of n?
5
Let n be (5/(-4))/(174/(-24) - -7). Suppose 0 = 3*y + 2*x - 205, 0 = -3*x + n*x - 4. What is the tens digit of y?
6
Let i(t) = 7*t**3 + 6 - 2*t + 2*t**2 + t**3 + 0*t - 11*t**3. Let q be i(3). Let z = q - -109. What is the units digit of z?
6
Suppose 137*q = -2*q + 1506593 + 2445038. What is the units digit of q?
9
Suppose -3*v = -9, -f + 10002 = -4*v + 2*v. Suppose -9*q + 33*q - f = 0. What is the tens digit of q?
1
Suppose -s = -4*s + 24. Let p be (-7 + s)*5*2. What is the units digit of (2*-1 + p/(-4))*-6?
7
Let v = 286 + -288. Let r(f) = 237*f**2 + 10*f + 15. What is the hundreds digit of r(v)?
9
What is the units digit of (9 + -5)/((-4)/(-35614)) - (-96)/(-16)?
8
Let o = 89 + -69. Let k(c) = -c + 22. Let y be k(o). Suppose 0 = 4*g + 2*u - 152 - 170, -163 = -y*g + u. What is the units digit of g?
1
Let u(b) = 2*b + 48. Let i = 84 + -115. Let p be ((-3)/5)/(i/465). What is the tens digit of u(p)?
6
Let u(p) = 451*p - 350. What is the tens digit of u(13)?
1
Let r = 5 + -21. Let f = r + 16. Suppose 2*w + 3*w - 290 = f. What is the tens digit of w?
5
Let s(p) = 15*p**2 + 3*p + 6. Let t = -91 - -98. Let v be (1 - t) + (7 - 3). What is the tens digit of s(v)?
6
Let s(i) = -7*i + 15. Let u(b) = -48*b + 104. Let k(z) = -20*s(z) + 3*u(z). Let o be (-42)/(-105) - (-8)/(-20). What is the tens digit of k(o)?
1
What is the units digit of (1 + (-68)/(-16)*98)*192/60?
6
Let u be 86/(-6)*(-90)/(6/(-1)). Let i = u - -346. What is the tens digit of i?
3
Let c be 4/(-6) - 128/24. Let h be (c/2 - 0) + -3. What is the units digit of 1/(4/811) - h/(-8)?
2
Suppose 2589 + 105 = 3*j. What is the units digit of j?
8
Suppose -2*c + c = -5*a + 55, -a + 2 = 0. Let r = 93 + c. Suppose -2*k + 100 + r = 0. What is the units digit of k?
4
Let v be -6 - (-16 + (-36)/(-6)). Suppose -v*x + 0*j + 972 = 2*j, 968 = 4*x + j. What is the hundreds digit of x?
2
Let g(c) = c**3 + 3*c**2 + 2. Let p be g(-3). Let i = 43 - 36. Suppose k - 11 = 3*h, 9 = k - p*h - i. What is the tens digit of k?
2
Let i(j) = -3*j**3 - 18*j**2 - 2*j - 7. Let q be i(-6). Suppose -g + 151 + 214 = q*z, 3*g - 1062 = -4*z. What is the units digit of g?
0
Let m be (-19 - 97)*2/(-8). Suppose m*w - 9891 = 22*w. What is the units digit of w?
3
Let t be ((-5)/10)/(4/(-72)*3). Suppose 8550 = t*s + 2*s - 5*w, -5*s = -4*w - 8547. What is the tens digit of s?
0
Let g(v) = -v**3 - 6*v**2 + v + 14. Suppose f + 4 = -4*w - 22, 3*f - 4*w = 2. Let t be g(f). What is the tens digit of ((-2)/t)/1 + (-202)/(-8)?
2
Let q be 52/(-39) - 150/9. What is the hundreds digit of -1*6/(q/1173)?
3
Suppose 0 = x + 2 - 7. Suppose -n = -m + 7, -m - 5 = 4*m + x*n. Suppose -2*p = 0, m*o = 2*o - 2*p + 89. What is the tens digit of o?
8
Let l(c) = c**3 - 9*c**2 + 23*c + 3. Let g be l(6). Suppose -u + 11 = -g. What is the tens digit of u?
4
Suppose 2*q - 2 - 4 = 0. Suppose q*h = 7*h - 180. Suppose s - h = 40. What is the tens digit of s?
8
Suppose 5*q - 7*q + 4 = 0. Suppose p - 42 = -2*k, -4*k + q*k = 2*p - 46. Suppose -k*w - 600 = -23*w. What is the tens digit of w?
5
Suppose 0 = 4*d - 44 - 52. Suppose -d = 3*b - 42. What is the tens digit of 3/(((-1)/(-50))/(3/b))?
7
Let s be (-64)/(-48) + 6/9. What is the tens digit of 1841/s*-8*(-1)/14?
2
Suppose 28*r = -42 + 182. What is the units digit of 1230/r*(-48)/(-18)?
6
Let f = -23898 + 40925. What is the ten thousands digit of f?
1
Let c = 7612 + -270. What is the units digit of c?
2
Let c(w) be the third derivative of -w**7/840 - w**6/30 + w**5/15 - 8*w**2. Let u(h) be the third derivative of c(h). What is the units digit of u(-5)?
6
Let j(n) = -123*n - 10. Let h be j(-3). Let b = h + -187. What is the hundreds digit of b?
1
Suppose -6*s = -28898 - 26332. What is the thousands digit of s?
9
Suppose 0*t + 2*z - 141 = -t, 4*t + 4*z = 580. Let p be (72/42)/(60/315). Suppose 292 = 2*b - 2*d, -8*b + p*b - 4*d - t = 0. What is the tens digit of b?
4
Suppose 3*o - 18 = 72. Let s = 24 + o. What is the tens digit of (98/3)/(2 - 96/s)?
4
Let q(t) = 408*t + 95766. What is the ten thousands digit of q(0)?
9
Let k(g) = 12785*g**2 + 2*g - 12. What is the ten thousands digit of k(1)?
1
Suppose 38*p + 270 = 40*p. Let t = -34 + p. What is the units digit of t?
1
Let d(z) be the second derivative of -103*z**5/10 + z**4/6 - z**3/3 - z**2 + 120*z. What is the units digit of d(-2)?
8
Let k be 0*(-1)/(-1) - -3. Let s be 11/(-44) - 244/(-16). What is the tens digit of k*((-2540)/s)/(-4)?
2
Let b = 531 - 2890. Let g = -1361 - b. What is the tens digit of g?
9
Suppose -c + 5*c = -20. Let g be c*2/((-30)/291). Let a = 324 - g. What is the units digit of a?
7
Suppose 4*k + 7 = -a - 0*k, a = 2*k + 11. Suppose a*d = -3*c - 574, -d - 4*c - 110 = -c. Let i = d + 186. What is the units digit of i?
0
Let m(x) = 100*x - 157. Let o = -371 - -380. What is the units digit of m(o)?
3
Let z be ((-17)/(-6))/1 + 20/120. Suppose 26 = -u + m, z*u = -0*m - 4*m - 64. Let p = 94 + u. What is the tens digit of p?
7
Suppose -434364 = -93*z + 1236322 + 265016. What is the units digit of z?
4
Let f be 8 + -9*7010/30. Let o = f - -3395. What is the tens digit of o?
0
Suppose 3*w + 3*z - 4*z - 113 = 0, 0 = -5*w - 4*z + 211. Let a be -2 + 0 - w/13. Let h(i) = 2*i**2 - 10*i 